{"id":991,"date":"2022-08-02T14:30:15","date_gmt":"2022-08-02T14:30:15","guid":{"rendered":"https:\/\/www.fovyv.fr\/?page_id=991"},"modified":"2022-08-02T14:31:10","modified_gmt":"2022-08-02T14:31:10","slug":"qui-sommes-nous","status":"publish","type":"page","link":"https:\/\/www.fovyv.fr\/?page_id=991","title":{"rendered":"Qui sommes-nous?"},"content":{"rendered":"\n<figure class=\"wp-block-image size-large\"><img loading=\"lazy\" decoding=\"async\" width=\"1024\" height=\"512\" src=\"https:\/\/www.fovyv.fr\/wp-content\/uploads\/2022\/08\/8600d79_CFdyaWHmVlkUZa8-7o2KUBlH-1-1024x512.jpg\" alt=\"\" class=\"wp-image-994\" srcset=\"https:\/\/www.fovyv.fr\/wp-content\/uploads\/2022\/08\/8600d79_CFdyaWHmVlkUZa8-7o2KUBlH-1-1024x512.jpg 1024w, https:\/\/www.fovyv.fr\/wp-content\/uploads\/2022\/08\/8600d79_CFdyaWHmVlkUZa8-7o2KUBlH-1-300x150.jpg 300w, https:\/\/www.fovyv.fr\/wp-content\/uploads\/2022\/08\/8600d79_CFdyaWHmVlkUZa8-7o2KUBlH-1-768x384.jpg 768w, https:\/\/www.fovyv.fr\/wp-content\/uploads\/2022\/08\/8600d79_CFdyaWHmVlkUZa8-7o2KUBlH-1.jpg 1440w\" sizes=\"auto, (max-width: 1024px) 100vw, 1024px\" \/><\/figure>\n\n\n\n<p>FO est un syndicat qui puise son origine dans la premi\u00e8re Conf\u00e9d\u00e9ration interprofessionnelle, cr\u00e9\u00e9e \u00e0 Limoges en 1895, qui se nommait&nbsp;: Conf\u00e9d\u00e9ration G\u00e9n\u00e9rale du Travail. Cette \u201cCGT\u201d, \u00e0 l\u2019\u00e9poque, avait pour seul objet, la d\u00e9fense des int\u00e9r\u00eats des salari\u00e9s. Par la suite, ce syndicat a subi l\u2019influence politique des communistes, qui provoqua plusieurs scissions. Tous ceux qui \u00e9taient attach\u00e9s \u00e0 l\u2019ind\u00e9pendance syndicale condamn\u00e8rent et refus\u00e8rent la politisation de la CGT et sa soumission au Parti Communiste Fran\u00e7ais. C\u2019est alors, par conviction, qu\u2019ils cr\u00e9\u00e8rent (avril 1948) la Conf\u00e9d\u00e9ration G\u00e9n\u00e9rale du Travail FORCE OUVRIERE (CGTFO).<\/p>\n\n\n\n<p>Mais pourquoi avoir conserv\u00e9 le sigle CGT&nbsp;? Bien s\u00fbr, par fid\u00e9lit\u00e9 \u00e0 l\u2019id\u00e9al de libert\u00e9 et d\u2019ind\u00e9pendance syndicale, qui \u00e9tait \u00e0 l\u2019origine de la cr\u00e9ation du mouvement syndical interprofessionnel, mais aussi pour garder ses racines et continuer le v\u00e9ritable syndicalisme ind\u00e9pendant. Aujourd\u2019hui FO &#8211; historiquement et juridiquement la CGT-FO est le seul syndicat fran\u00e7ais libre et ind\u00e9pendant \u00e0 l\u2019\u00e9gard du patronat, des gouvernements, des partis politiques et, de fa\u00e7on g\u00e9n\u00e9rale, de toute influence ext\u00e9rieure au syndicat.<\/p>\n\n\n\n<p>C\u2019est sa force, c\u2019est votre force.<\/p>\n\n\n\n<h2 class=\"wp-block-heading\">POUR LA DEFENSE DE VOS DROITS DE SALARIES<\/h2>\n\n\n\n<p><strong>Droit du travail<\/strong><br>Convention collective, Code du travail, contrat de travail, statuts particuliers, salaires, horaires, cong\u00e9s, hygi\u00e8ne et s\u00e9curit\u00e9, droits des handicap\u00e9s, discrimination, harc\u00e8lement moral et sexuel, M\u00e9decine du travail, etc. Dans tous ces domaines FO est en mesure de renseigner, de v\u00e9rifier, de pr\u00e9ciser, d\u2019orienter, de conseiller tous les salari\u00e9s qui le souhaitent.<\/p>\n\n\n\n<p><strong>Protection sociale<\/strong><br>S\u00e9curit\u00e9 sociale, allocations familiales, caisses de retraites, ASSEDIC, ANPE, AFPA, Formation professionnelle, etc., FO a des administrateurs dans tous les organismes sociaux qui peuvent vous expliquer les d\u00e9marches \u00e0 engager, suivre un dossier urgent, faire corriger de possibles erreurs, etc.<\/p>\n\n\n\n<p>Important, chaque adh\u00e9rent(e) FO, du secteur priv\u00e9 comme public, \u00e0 jour de ses cotisations, b\u00e9n\u00e9ficie d\u2019une assurance \u201cProtection juridique vie professionnelle\u201d. Cette protection intervient, dans le cadre de l\u2019exercice de son m\u00e9tier, en cas de poursuites d\u2019un tiers pour dommage subi.<\/p>\n\n\n\n<p><strong>Prud\u2019hommes<\/strong><br>En cas de besoin FO peut vous aider \u00e0 saisir le Conseil de Prud\u2019hommes&nbsp;; FO a des \u00e9lus Conseillers prud\u2019hommes dans toutes les sections. Ind\u00e9pendamment de cette possibilit\u00e9, des d\u00e9fenseurs syndicaux peuvent, sous certaines conditions, assurer votre d\u00e9fense.<\/p>\n\n\n\n<p><strong>Dans la vie quotidienne<\/strong><br>FO peut vous informer, vous conseiller et vous aider&nbsp;:<br><img loading=\"lazy\" decoding=\"async\" alt=\"-\" src=\"https:\/\/static.force-ouvriere.fr\/squelettes-dist\/puce.gif\" width=\"8\" height=\"11\">&nbsp;dans le cas de litiges li\u00e9s \u00e0 la consommation, \u00e0 travers l\u2019association FO consommateur (AFOC)&nbsp;;<br><img loading=\"lazy\" decoding=\"async\" alt=\"-\" src=\"https:\/\/static.force-ouvriere.fr\/squelettes-dist\/puce.gif\" width=\"8\" height=\"11\">&nbsp;dans la recherche d\u2019un logement social (1% logement)&nbsp;;<br><img loading=\"lazy\" decoding=\"async\" alt=\"-\" src=\"https:\/\/static.force-ouvriere.fr\/squelettes-dist\/puce.gif\" width=\"8\" height=\"11\">&nbsp;dans l\u2019\u00e9tablissement de votre d\u00e9claration de revenus&nbsp;;<br><img loading=\"lazy\" decoding=\"async\" alt=\"-\" src=\"https:\/\/static.force-ouvriere.fr\/squelettes-dist\/puce.gif\" width=\"8\" height=\"11\">&nbsp;etc.<br>Important, chaque adh\u00e9rent(e) FO, \u00e0 jour de ses cotisations, est assur\u00e9(e) en cas d\u2019accident corporel dans le cadre de son activit\u00e9 syndicale. Son v\u00e9hicule est aussi assur\u00e9 (remboursement de la franchise ou montant des r\u00e9parations n\u00e9cessaires) \u00e0 concurrence de 458 euros dans les deux cas.<\/p>\n\n\n\n<h1 class=\"wp-block-heading\">O\u00f9 sommes-nous ?<\/h1>\n\n\n\n<p>Union D\u00e9partementale FO \/ Section syndicale FO VYV <\/p>\n\n\n\n<p>14 place louis Imbach<\/p>\n\n\n\n<p>49100 ANGERS <\/p>\n\n\n\n<p>06 35 95 95 78 (vincent LANCHE)<\/p>\n\n\n\n<p>fomutualit\u00e9@gmail.com<\/p>\n","protected":false},"excerpt":{"rendered":"<div class=\"mh-excerpt\"><p>FO est un syndicat qui puise son origine dans la premi\u00e8re Conf\u00e9d\u00e9ration interprofessionnelle, cr\u00e9\u00e9e \u00e0 Limoges en 1895, qui se nommait&nbsp;: Conf\u00e9d\u00e9ration G\u00e9n\u00e9rale du Travail. <a class=\"mh-excerpt-more\" href=\"https:\/\/www.fovyv.fr\/?page_id=991\" title=\"Qui sommes-nous?\">[&#8230;]<\/a><\/p>\n<\/div>","protected":false},"author":2,"featured_media":992,"parent":0,"menu_order":0,"comment_status":"closed","ping_status":"closed","template":"","meta":{"_uag_custom_page_level_css":"","footnotes":""},"class_list":["post-991","page","type-page","status-publish","has-post-thumbnail","hentry"],"yoast_head":"<!-- This site is optimized with the Yoast SEO plugin v27.5 - https:\/\/yoast.com\/product\/yoast-seo-wordpress\/ -->\n<title>Qui sommes-nous? - Syndicat Force Ouvri\u00e8re - Groupe VYV<\/title>\n<meta name=\"robots\" content=\"index, follow, max-snippet:-1, max-image-preview:large, max-video-preview:-1\" \/>\n<link rel=\"canonical\" href=\"https:\/\/www.fovyv.fr\/?page_id=991\" \/>\n<meta property=\"og:locale\" content=\"fr_FR\" \/>\n<meta property=\"og:type\" content=\"article\" \/>\n<meta property=\"og:title\" content=\"Qui sommes-nous? - Syndicat Force Ouvri\u00e8re - Groupe VYV\" \/>\n<meta property=\"og:description\" content=\"FO est un syndicat qui puise son origine dans la premi\u00e8re Conf\u00e9d\u00e9ration interprofessionnelle, cr\u00e9\u00e9e \u00e0 Limoges en 1895, qui se nommait&nbsp;: Conf\u00e9d\u00e9ration G\u00e9n\u00e9rale du Travail. [...]\" \/>\n<meta property=\"og:url\" content=\"https:\/\/www.fovyv.fr\/?page_id=991\" \/>\n<meta property=\"og:site_name\" content=\"Syndicat Force Ouvri\u00e8re - Groupe VYV\" \/>\n<meta property=\"article:publisher\" content=\"https:\/\/www.facebook.com\/fovyvcarepaysdelaloire\" \/>\n<meta property=\"article:modified_time\" content=\"2022-08-02T14:31:10+00:00\" \/>\n<meta property=\"og:image\" content=\"https:\/\/www.fovyv.fr\/wp-content\/uploads\/2022\/08\/8600d79_CFdyaWHmVlkUZa8-7o2KUBlH.jpg\" \/>\n\t<meta property=\"og:image:width\" content=\"1440\" \/>\n\t<meta property=\"og:image:height\" content=\"720\" \/>\n\t<meta property=\"og:image:type\" content=\"image\/jpeg\" \/>\n<meta name=\"twitter:card\" content=\"summary_large_image\" \/>\n<meta name=\"twitter:site\" content=\"@VYVFO\" \/>\n<meta name=\"twitter:label1\" content=\"Dur\u00e9e de lecture estim\u00e9e\" \/>\n\t<meta name=\"twitter:data1\" content=\"3 minutes\" \/>\n<script type=\"application\/ld+json\" class=\"yoast-schema-graph\">{\"@context\":\"https:\\\/\\\/schema.org\",\"@graph\":[{\"@type\":\"WebPage\",\"@id\":\"https:\\\/\\\/www.fovyv.fr\\\/?page_id=991\",\"url\":\"https:\\\/\\\/www.fovyv.fr\\\/?page_id=991\",\"name\":\"Qui sommes-nous? - Syndicat Force Ouvri\u00e8re - Groupe VYV\",\"isPartOf\":{\"@id\":\"https:\\\/\\\/www.fovyv.fr\\\/#website\"},\"primaryImageOfPage\":{\"@id\":\"https:\\\/\\\/www.fovyv.fr\\\/?page_id=991#primaryimage\"},\"image\":{\"@id\":\"https:\\\/\\\/www.fovyv.fr\\\/?page_id=991#primaryimage\"},\"thumbnailUrl\":\"https:\\\/\\\/www.fovyv.fr\\\/wp-content\\\/uploads\\\/2022\\\/08\\\/8600d79_CFdyaWHmVlkUZa8-7o2KUBlH.jpg\",\"datePublished\":\"2022-08-02T14:30:15+00:00\",\"dateModified\":\"2022-08-02T14:31:10+00:00\",\"breadcrumb\":{\"@id\":\"https:\\\/\\\/www.fovyv.fr\\\/?page_id=991#breadcrumb\"},\"inLanguage\":\"fr-FR\",\"potentialAction\":[{\"@type\":\"ReadAction\",\"target\":[\"https:\\\/\\\/www.fovyv.fr\\\/?page_id=991\"]}]},{\"@type\":\"ImageObject\",\"inLanguage\":\"fr-FR\",\"@id\":\"https:\\\/\\\/www.fovyv.fr\\\/?page_id=991#primaryimage\",\"url\":\"https:\\\/\\\/www.fovyv.fr\\\/wp-content\\\/uploads\\\/2022\\\/08\\\/8600d79_CFdyaWHmVlkUZa8-7o2KUBlH.jpg\",\"contentUrl\":\"https:\\\/\\\/www.fovyv.fr\\\/wp-content\\\/uploads\\\/2022\\\/08\\\/8600d79_CFdyaWHmVlkUZa8-7o2KUBlH.jpg\",\"width\":1440,\"height\":720},{\"@type\":\"BreadcrumbList\",\"@id\":\"https:\\\/\\\/www.fovyv.fr\\\/?page_id=991#breadcrumb\",\"itemListElement\":[{\"@type\":\"ListItem\",\"position\":1,\"name\":\"Accueil\",\"item\":\"https:\\\/\\\/www.fovyv.fr\\\/\"},{\"@type\":\"ListItem\",\"position\":2,\"name\":\"Qui sommes-nous?\"}]},{\"@type\":\"WebSite\",\"@id\":\"https:\\\/\\\/www.fovyv.fr\\\/#website\",\"url\":\"https:\\\/\\\/www.fovyv.fr\\\/\",\"name\":\"Syndicat Force Ouvri\u00e8re - Groupe VYV\",\"description\":\"R\u00e9sister, Revendiquer, Reconqu\u00e9rir\",\"publisher\":{\"@id\":\"https:\\\/\\\/www.fovyv.fr\\\/#organization\"},\"potentialAction\":[{\"@type\":\"SearchAction\",\"target\":{\"@type\":\"EntryPoint\",\"urlTemplate\":\"https:\\\/\\\/www.fovyv.fr\\\/?s={search_term_string}\"},\"query-input\":{\"@type\":\"PropertyValueSpecification\",\"valueRequired\":true,\"valueName\":\"search_term_string\"}}],\"inLanguage\":\"fr-FR\"},{\"@type\":\"Organization\",\"@id\":\"https:\\\/\\\/www.fovyv.fr\\\/#organization\",\"name\":\"Syndicat Force Ouvri\u00e8re - Groupe VYV\",\"url\":\"https:\\\/\\\/www.fovyv.fr\\\/\",\"logo\":{\"@type\":\"ImageObject\",\"inLanguage\":\"fr-FR\",\"@id\":\"https:\\\/\\\/www.fovyv.fr\\\/#\\\/schema\\\/logo\\\/image\\\/\",\"url\":\"https:\\\/\\\/www.fovyv.fr\\\/wp-content\\\/uploads\\\/2022\\\/08\\\/logo_fo_VYV-1.png\",\"contentUrl\":\"https:\\\/\\\/www.fovyv.fr\\\/wp-content\\\/uploads\\\/2022\\\/08\\\/logo_fo_VYV-1.png\",\"width\":842,\"height\":595,\"caption\":\"Syndicat Force Ouvri\u00e8re - Groupe VYV\"},\"image\":{\"@id\":\"https:\\\/\\\/www.fovyv.fr\\\/#\\\/schema\\\/logo\\\/image\\\/\"},\"sameAs\":[\"https:\\\/\\\/www.facebook.com\\\/fovyvcarepaysdelaloire\",\"https:\\\/\\\/x.com\\\/VYVFO\",\"https:\\\/\\\/www.instagram.com\\\/fo_vyv\\\/?hl=fr\"]}]}<\/script>\n<!-- \/ Yoast SEO plugin. -->","yoast_head_json":{"title":"Qui sommes-nous? - Syndicat Force Ouvri\u00e8re - Groupe VYV","robots":{"index":"index","follow":"follow","max-snippet":"max-snippet:-1","max-image-preview":"max-image-preview:large","max-video-preview":"max-video-preview:-1"},"canonical":"https:\/\/www.fovyv.fr\/?page_id=991","og_locale":"fr_FR","og_type":"article","og_title":"Qui sommes-nous? - Syndicat Force Ouvri\u00e8re - Groupe VYV","og_description":"FO est un syndicat qui puise son origine dans la premi\u00e8re Conf\u00e9d\u00e9ration interprofessionnelle, cr\u00e9\u00e9e \u00e0 Limoges en 1895, qui se nommait&nbsp;: Conf\u00e9d\u00e9ration G\u00e9n\u00e9rale du Travail. [...]","og_url":"https:\/\/www.fovyv.fr\/?page_id=991","og_site_name":"Syndicat Force Ouvri\u00e8re - Groupe VYV","article_publisher":"https:\/\/www.facebook.com\/fovyvcarepaysdelaloire","article_modified_time":"2022-08-02T14:31:10+00:00","og_image":[{"width":1440,"height":720,"url":"https:\/\/www.fovyv.fr\/wp-content\/uploads\/2022\/08\/8600d79_CFdyaWHmVlkUZa8-7o2KUBlH.jpg","type":"image\/jpeg"}],"twitter_card":"summary_large_image","twitter_site":"@VYVFO","twitter_misc":{"Dur\u00e9e de lecture estim\u00e9e":"3 minutes"},"schema":{"@context":"https:\/\/schema.org","@graph":[{"@type":"WebPage","@id":"https:\/\/www.fovyv.fr\/?page_id=991","url":"https:\/\/www.fovyv.fr\/?page_id=991","name":"Qui sommes-nous? - Syndicat Force Ouvri\u00e8re - Groupe VYV","isPartOf":{"@id":"https:\/\/www.fovyv.fr\/#website"},"primaryImageOfPage":{"@id":"https:\/\/www.fovyv.fr\/?page_id=991#primaryimage"},"image":{"@id":"https:\/\/www.fovyv.fr\/?page_id=991#primaryimage"},"thumbnailUrl":"https:\/\/www.fovyv.fr\/wp-content\/uploads\/2022\/08\/8600d79_CFdyaWHmVlkUZa8-7o2KUBlH.jpg","datePublished":"2022-08-02T14:30:15+00:00","dateModified":"2022-08-02T14:31:10+00:00","breadcrumb":{"@id":"https:\/\/www.fovyv.fr\/?page_id=991#breadcrumb"},"inLanguage":"fr-FR","potentialAction":[{"@type":"ReadAction","target":["https:\/\/www.fovyv.fr\/?page_id=991"]}]},{"@type":"ImageObject","inLanguage":"fr-FR","@id":"https:\/\/www.fovyv.fr\/?page_id=991#primaryimage","url":"https:\/\/www.fovyv.fr\/wp-content\/uploads\/2022\/08\/8600d79_CFdyaWHmVlkUZa8-7o2KUBlH.jpg","contentUrl":"https:\/\/www.fovyv.fr\/wp-content\/uploads\/2022\/08\/8600d79_CFdyaWHmVlkUZa8-7o2KUBlH.jpg","width":1440,"height":720},{"@type":"BreadcrumbList","@id":"https:\/\/www.fovyv.fr\/?page_id=991#breadcrumb","itemListElement":[{"@type":"ListItem","position":1,"name":"Accueil","item":"https:\/\/www.fovyv.fr\/"},{"@type":"ListItem","position":2,"name":"Qui sommes-nous?"}]},{"@type":"WebSite","@id":"https:\/\/www.fovyv.fr\/#website","url":"https:\/\/www.fovyv.fr\/","name":"Syndicat Force Ouvri\u00e8re - Groupe VYV","description":"R\u00e9sister, Revendiquer, Reconqu\u00e9rir","publisher":{"@id":"https:\/\/www.fovyv.fr\/#organization"},"potentialAction":[{"@type":"SearchAction","target":{"@type":"EntryPoint","urlTemplate":"https:\/\/www.fovyv.fr\/?s={search_term_string}"},"query-input":{"@type":"PropertyValueSpecification","valueRequired":true,"valueName":"search_term_string"}}],"inLanguage":"fr-FR"},{"@type":"Organization","@id":"https:\/\/www.fovyv.fr\/#organization","name":"Syndicat Force Ouvri\u00e8re - Groupe VYV","url":"https:\/\/www.fovyv.fr\/","logo":{"@type":"ImageObject","inLanguage":"fr-FR","@id":"https:\/\/www.fovyv.fr\/#\/schema\/logo\/image\/","url":"https:\/\/www.fovyv.fr\/wp-content\/uploads\/2022\/08\/logo_fo_VYV-1.png","contentUrl":"https:\/\/www.fovyv.fr\/wp-content\/uploads\/2022\/08\/logo_fo_VYV-1.png","width":842,"height":595,"caption":"Syndicat Force Ouvri\u00e8re - Groupe VYV"},"image":{"@id":"https:\/\/www.fovyv.fr\/#\/schema\/logo\/image\/"},"sameAs":["https:\/\/www.facebook.com\/fovyvcarepaysdelaloire","https:\/\/x.com\/VYVFO","https:\/\/www.instagram.com\/fo_vyv\/?hl=fr"]}]}},"uagb_featured_image_src":{"full":["https:\/\/www.fovyv.fr\/wp-content\/uploads\/2022\/08\/8600d79_CFdyaWHmVlkUZa8-7o2KUBlH.jpg",1440,720,false],"thumbnail":["https:\/\/www.fovyv.fr\/wp-content\/uploads\/2022\/08\/8600d79_CFdyaWHmVlkUZa8-7o2KUBlH-150x150.jpg",150,150,true],"medium":["https:\/\/www.fovyv.fr\/wp-content\/uploads\/2022\/08\/8600d79_CFdyaWHmVlkUZa8-7o2KUBlH-300x150.jpg",300,150,true],"medium_large":["https:\/\/www.fovyv.fr\/wp-content\/uploads\/2022\/08\/8600d79_CFdyaWHmVlkUZa8-7o2KUBlH-768x384.jpg",768,384,true],"large":["https:\/\/www.fovyv.fr\/wp-content\/uploads\/2022\/08\/8600d79_CFdyaWHmVlkUZa8-7o2KUBlH-1024x512.jpg",1024,512,true],"1536x1536":["https:\/\/www.fovyv.fr\/wp-content\/uploads\/2022\/08\/8600d79_CFdyaWHmVlkUZa8-7o2KUBlH.jpg",1440,720,false],"2048x2048":["https:\/\/www.fovyv.fr\/wp-content\/uploads\/2022\/08\/8600d79_CFdyaWHmVlkUZa8-7o2KUBlH.jpg",1440,720,false],"mh-magazine-lite-slider":["https:\/\/www.fovyv.fr\/wp-content\/uploads\/2022\/08\/8600d79_CFdyaWHmVlkUZa8-7o2KUBlH-1030x438.jpg",1030,438,true],"mh-magazine-lite-content":["https:\/\/www.fovyv.fr\/wp-content\/uploads\/2022\/08\/8600d79_CFdyaWHmVlkUZa8-7o2KUBlH-678x381.jpg",678,381,true],"mh-magazine-lite-large":["https:\/\/www.fovyv.fr\/wp-content\/uploads\/2022\/08\/8600d79_CFdyaWHmVlkUZa8-7o2KUBlH-678x509.jpg",678,509,true],"mh-magazine-lite-medium":["https:\/\/www.fovyv.fr\/wp-content\/uploads\/2022\/08\/8600d79_CFdyaWHmVlkUZa8-7o2KUBlH-326x245.jpg",326,245,true],"mh-magazine-lite-small":["https:\/\/www.fovyv.fr\/wp-content\/uploads\/2022\/08\/8600d79_CFdyaWHmVlkUZa8-7o2KUBlH-80x60.jpg",80,60,true]},"uagb_author_info":{"display_name":"fovyv","author_link":"https:\/\/www.fovyv.fr\/?author=2"},"uagb_comment_info":0,"uagb_excerpt":"FO est un syndicat qui puise son origine dans la premi\u00e8re Conf\u00e9d\u00e9ration interprofessionnelle, cr\u00e9\u00e9e \u00e0 Limoges en 1895, qui se nommait&nbsp;: Conf\u00e9d\u00e9ration G\u00e9n\u00e9rale du Travail. [...]","_links":{"self":[{"href":"https:\/\/www.fovyv.fr\/index.php?rest_route=\/wp\/v2\/pages\/991","targetHints":{"allow":["GET"]}}],"collection":[{"href":"https:\/\/www.fovyv.fr\/index.php?rest_route=\/wp\/v2\/pages"}],"about":[{"href":"https:\/\/www.fovyv.fr\/index.php?rest_route=\/wp\/v2\/types\/page"}],"author":[{"embeddable":true,"href":"https:\/\/www.fovyv.fr\/index.php?rest_route=\/wp\/v2\/users\/2"}],"replies":[{"embeddable":true,"href":"https:\/\/www.fovyv.fr\/index.php?rest_route=%2Fwp%2Fv2%2Fcomments&post=991"}],"version-history":[{"count":2,"href":"https:\/\/www.fovyv.fr\/index.php?rest_route=\/wp\/v2\/pages\/991\/revisions"}],"predecessor-version":[{"id":995,"href":"https:\/\/www.fovyv.fr\/index.php?rest_route=\/wp\/v2\/pages\/991\/revisions\/995"}],"wp:featuredmedia":[{"embeddable":true,"href":"https:\/\/www.fovyv.fr\/index.php?rest_route=\/wp\/v2\/media\/992"}],"wp:attachment":[{"href":"https:\/\/www.fovyv.fr\/index.php?rest_route=%2Fwp%2Fv2%2Fmedia&parent=991"}],"curies":[{"name":"wp","href":"https:\/\/api.w.org\/{rel}","templated":true}]}}